{"id":48,"date":"2024-11-02T06:41:53","date_gmt":"2024-11-02T05:41:53","guid":{"rendered":"https:\/\/iapswc.pl\/?page_id=48"},"modified":"2024-11-02T06:41:53","modified_gmt":"2024-11-02T05:41:53","slug":"misja","status":"publish","type":"page","link":"https:\/\/iapswc.pl\/index.php\/misja\/","title":{"rendered":"Misja"},"content":{"rendered":"\n<p><strong>Instytut Analiz i Przeciwdzia\u0142ania Subwersji i Walki Cybernetycznej \u2013 Misja i Dzia\u0142alno\u015b\u0107<\/strong><\/p>\n\n\n\n<p>Instytut Analiz i Przeciwdzia\u0142ania Subwersji i Walki Cybernetycznej (IAPSWC) jest oddoln\u0105 inicjatyw\u0105, kt\u00f3ra powsta\u0142a, by stawi\u0107 czo\u0142a wsp\u00f3\u0142czesnym zagro\u017ceniom zwi\u0105zanym z subwersj\u0105 i atakami cybernetycznymi. Jego misj\u0105 jest ochrona spo\u0142ecze\u0144stwa przed pr\u00f3bami destabilizacji i manipulacji, a tak\u017ce szerzenie \u015bwiadomo\u015bci na temat zagro\u017ce\u0144, kt\u00f3re mog\u0105 os\u0142abia\u0107 struktury spo\u0142eczne i jedno\u015b\u0107 narodow\u0105. Instytut stawia na analiz\u0119 i edukacj\u0119, tworz\u0105c kompleksowe strategie przeciwdzia\u0142ania, skierowane do obywateli oraz instytucji publicznych i prywatnych.<\/p>\n\n\n\n<h3 class=\"wp-block-heading\">Kluczowe Obszary Dzia\u0142alno\u015bci Instytutu<\/h3>\n\n\n\n<ol class=\"wp-block-list\">\n<li><strong>Psychologia ewolucyjna<\/strong> \u2013 IAPSWC analizuje mechanizmy ludzkich zachowa\u0144 i ich ewolucyjne podstawy, aby lepiej zrozumie\u0107, dlaczego jednostki i grupy spo\u0142eczne s\u0105 podatne na manipulacj\u0119 i wp\u0142ywy zewn\u0119trzne. Dzi\u0119ki temu instytut mo\u017ce opracowywa\u0107 strategie, kt\u00f3re pomagaj\u0105 zwi\u0119ksza\u0107 odporno\u015b\u0107 obywateli na manipulacyjne narracje i dezinformacj\u0119.<\/li>\n\n\n\n<li><strong>Nauki spo\u0142eczne<\/strong> \u2013 Instytut wykorzystuje metody nauk spo\u0142ecznych do badania dynamiki spo\u0142ecznej oraz wp\u0142ywu dezinformacji na spo\u0142ecze\u0144stwo. Analizuje trendy, kt\u00f3re mog\u0105 wp\u0142ywa\u0107 na jedno\u015b\u0107 i stabilno\u015b\u0107 spo\u0142eczn\u0105, identyfikuj\u0105c podatno\u015bci na manipulacj\u0119 spo\u0142eczn\u0105 i dostarczaj\u0105c narz\u0119dzi do przeciwdzia\u0142ania ich negatywnym skutkom.<\/li>\n\n\n\n<li><strong>Cybernetyka<\/strong> \u2013 Cyberprzestrze\u0144 stanowi jedno z kluczowych p\u00f3l dzia\u0142a\u0144 instytutu. W zwi\u0105zku z narastaj\u0105c\u0105 liczb\u0105 cyberatak\u00f3w i kampanii dezinformacyjnych, IAPSWC monitoruje i analizuje metody u\u017cywane przez podmioty zewn\u0119trzne i wewn\u0119trzne do destabilizacji spo\u0142ecze\u0144stwa. Instytut tworzy rekomendacje i programy edukacyjne, kt\u00f3re pozwalaj\u0105 obywatelom i instytucjom skuteczniej broni\u0107 si\u0119 przed zagro\u017ceniami w sieci.<\/li>\n\n\n\n<li><strong>Polityka i geopolityka<\/strong> \u2013 Dzia\u0142ania instytutu obejmuj\u0105 analiz\u0119 globalnych napi\u0119\u0107 i zmian w uk\u0142adzie si\u0142, aby lepiej rozumie\u0107, jak zagraniczne konflikty i napi\u0119cia polityczne mog\u0105 wp\u0142ywa\u0107 na bezpiecze\u0144stwo narodowe. Dzi\u0119ki analizie politycznych i ekonomicznych interes\u00f3w r\u00f3\u017cnych kraj\u00f3w, IAPSWC mo\u017ce przewidywa\u0107 potencjalne zagro\u017cenia i ich wp\u0142yw na spo\u0142ecze\u0144stwo.<\/li>\n\n\n\n<li><strong>Stosunki mi\u0119dzynarodowe<\/strong> \u2013 Wiedza na temat wp\u0142yw\u00f3w zagranicznych i wsp\u00f3\u0142pracy mi\u0119dzynarodowej jest istotna dla analizowania, w jaki spos\u00f3b obce pa\u0144stwa mog\u0105 oddzia\u0142ywa\u0107 na stabilno\u015b\u0107 kraju. Instytut bada mechanizmy wp\u0142yw\u00f3w zagranicznych, aby zapewni\u0107 spo\u0142ecze\u0144stwu odpowiedni\u0105 wiedz\u0119 na temat ryzyka oraz wskaz\u00f3wki, jak unika\u0107 potencjalnych zagro\u017ce\u0144 ze strony zagranicznych podmiot\u00f3w.<\/li>\n\n\n\n<li><strong>Pacyfizm<\/strong> \u2013 Instytut opiera swoje dzia\u0142ania na warto\u015bciach pacyfistycznych, d\u0105\u017c\u0105c do rozwi\u0105zywania konflikt\u00f3w w spos\u00f3b pokojowy i bez przemocy. Podejmuj\u0105c dzia\u0142ania prewencyjne, IAPSWC wspiera zasady pokojowego rozwoju spo\u0142ecze\u0144stwa i minimalizacji zagro\u017ce\u0144. Celem jest wzmacnianie poczucia bezpiecze\u0144stwa obywateli poprzez dzia\u0142ania zgodne z warto\u015bciami pokojowymi, a jednocze\u015bnie wzmocnienie mechanizm\u00f3w obronnych pa\u0144stwa w spos\u00f3b zgodny z zasadami pacyfizmu.<\/li>\n<\/ol>\n\n\n\n<h3 class=\"wp-block-heading\">Edukacja i U\u015bwiadamianie Spo\u0142ecze\u0144stwa<\/h3>\n\n\n\n<p>IAPSWC stawia sobie za cel edukowanie obywateli na temat mechanizm\u00f3w manipulacyjnych i subwersyjnych, kt\u00f3rym mog\u0105 by\u0107 poddawani. Instytut prowadzi kampanie informacyjne, organizuje warsztaty i szkolenia, a tak\u017ce tworzy materia\u0142y edukacyjne dost\u0119pne dla wszystkich, kt\u00f3rzy chc\u0105 dowiedzie\u0107 si\u0119 wi\u0119cej na temat tego, jak broni\u0107 si\u0119 przed dezinformacj\u0105 i manipulacj\u0105. Poprzez szerzenie \u015bwiadomo\u015bci i wiedzy na temat zagro\u017ce\u0144 subwersyjnych, instytut dzia\u0142a na rzecz budowania odpornego i \u015bwiadomego spo\u0142ecze\u0144stwa.<\/p>\n\n\n\n<p>Dzi\u0119ki edukacji i wsp\u00f3\u0142pracy z organizacjami obywatelskimi instytut umo\u017cliwia obywatelom lepsze zrozumienie sytuacji geopolitycznej oraz technik, jakimi mog\u0105 pos\u0142ugiwa\u0107 si\u0119 si\u0142y destabilizuj\u0105ce. Jest to szczeg\u00f3lnie istotne w obliczu zmieniaj\u0105cego si\u0119 krajobrazu zagro\u017ce\u0144, w kt\u00f3rym dezinformacja i cyberataki staj\u0105 si\u0119 coraz bardziej zaawansowane i powszechne.<\/p>\n\n\n\n<h3 class=\"wp-block-heading\">Niezale\u017cno\u015b\u0107 i Oddolny Charakter Inicjatywy<\/h3>\n\n\n\n<p>Instytut dzia\u0142a niezale\u017cnie od struktur wojskowych oraz s\u0142u\u017cb specjalnych, co pozwala mu na prowadzenie niezale\u017cnych analiz oraz wyci\u0105ganie wniosk\u00f3w bez wp\u0142yw\u00f3w zewn\u0119trznych. IAPSWC nie anga\u017cuje si\u0119 bezpo\u015brednio we wsp\u00f3\u0142prac\u0119 z sektorem wojskowym, lecz skupia si\u0119 na dzia\u0142aniach edukacyjnych i analitycznych. Dzi\u0119ki swojej oddolnej strukturze, instytut odpowiada bezpo\u015brednio na potrzeby spo\u0142ecze\u0144stwa i ma mo\u017cliwo\u015b\u0107 szybkiego reagowania na pojawiaj\u0105ce si\u0119 zagro\u017cenia, zapewniaj\u0105c obywatelom wsparcie i dost\u0119p do rzetelnych informacji.<\/p>\n\n\n\n<p>Instytut Analiz i Przeciwdzia\u0142ania Subwersji i Walki Cybernetycznej stanowi istotny element dzia\u0142a\u0144 na rzecz bezpiecze\u0144stwa narodowego. Jego misj\u0105 jest nie tylko przeciwdzia\u0142anie zagro\u017ceniom, ale tak\u017ce promowanie stabilno\u015bci i jedno\u015bci poprzez dostarczanie obywatelom wiedzy, kt\u00f3ra pozwala im lepiej rozumie\u0107 otaczaj\u0105cy \u015bwiat i skuteczniej broni\u0107 si\u0119 przed manipulacj\u0105 i pr\u00f3bami destabilizacji.<\/p>\n","protected":false},"excerpt":{"rendered":"<p>Instytut Analiz i Przeciwdzia\u0142ania Subwersji i Walki Cybernetycznej \u2013 Misja i Dzia\u0142alno\u015b\u0107 Instytut Analiz i Przeciwdzia\u0142ania Subwersji i Walki Cybernetycznej (IAPSWC) jest oddoln\u0105 inicjatyw\u0105, kt\u00f3ra powsta\u0142a, by stawi\u0107 czo\u0142a wsp\u00f3\u0142czesnym zagro\u017ceniom zwi\u0105zanym z subwersj\u0105 i atakami cybernetycznymi. Jego misj\u0105 jest ochrona spo\u0142ecze\u0144stwa przed pr\u00f3bami destabilizacji i manipulacji, a tak\u017ce szerzenie \u015bwiadomo\u015bci na temat zagro\u017ce\u0144, kt\u00f3re [&hellip;]<\/p>\n","protected":false},"author":1,"featured_media":49,"parent":0,"menu_order":0,"comment_status":"closed","ping_status":"closed","template":"","meta":{"footnotes":""},"class_list":["post-48","page","type-page","status-publish","has-post-thumbnail","hentry"],"_links":{"self":[{"href":"https:\/\/iapswc.pl\/index.php\/wp-json\/wp\/v2\/pages\/48","targetHints":{"allow":["GET"]}}],"collection":[{"href":"https:\/\/iapswc.pl\/index.php\/wp-json\/wp\/v2\/pages"}],"about":[{"href":"https:\/\/iapswc.pl\/index.php\/wp-json\/wp\/v2\/types\/page"}],"author":[{"embeddable":true,"href":"https:\/\/iapswc.pl\/index.php\/wp-json\/wp\/v2\/users\/1"}],"replies":[{"embeddable":true,"href":"https:\/\/iapswc.pl\/index.php\/wp-json\/wp\/v2\/comments?post=48"}],"version-history":[{"count":1,"href":"https:\/\/iapswc.pl\/index.php\/wp-json\/wp\/v2\/pages\/48\/revisions"}],"predecessor-version":[{"id":50,"href":"https:\/\/iapswc.pl\/index.php\/wp-json\/wp\/v2\/pages\/48\/revisions\/50"}],"wp:featuredmedia":[{"embeddable":true,"href":"https:\/\/iapswc.pl\/index.php\/wp-json\/wp\/v2\/media\/49"}],"wp:attachment":[{"href":"https:\/\/iapswc.pl\/index.php\/wp-json\/wp\/v2\/media?parent=48"}],"curies":[{"name":"wp","href":"https:\/\/api.w.org\/{rel}","templated":true}]}}